 o.
2, 3, 5
Suppose -17 = -2*u - 3*q, 0 = 2*u - 5*q + 4 + 3. Suppose -2*f - 5*m = 12, u*f - 6 = -3*m - 2. What are the prime factors of f?
2
Let u(t) = 6*t + 5. Let f(j) = 17*j + 16. Let p(i) = -3*f(i) + 8*u(i). What are the prime factors of p(-6)?
2, 5
Let m(q) = -q**3 - 4*q**2 + 6*q + 2. Let j be m(-5). What are the prime factors of j/5*(-15 + 0)?
3
Let l(b) = b**3 - 9*b**2 - 28*b + 18. What are the prime factors of l(13)?
2, 3, 5, 11
Suppose -4*u + 2*u = 4*k - 2, -2*u - 3*k + 3 = 0. Suppose u*n + 0*n - 15 = 0. List the prime factors of n.
5
Suppose 0 = -4*f - l - 0*l + 10, -4*f = 4*l - 16. Suppose -f = -2*m + 6. List the prime factors of m.
2
Let a(k) be the first derivative of -k**2 + 4*k + 3. List the prime factors of a(-3).
2, 5
What are the prime factors of -2 + -4 + 3 - -33?
2, 3, 5
Suppose 2*d + f = 18, d + 2*f = 2*d - 9. What are the prime factors of d?
3
List the prime factors of (-12)/((-7 + -1)/4).
2, 3
Let x(k) = 2. Let s(z) = -z - 5. Let v(l) = -2*s(l) - 5*x(l). What are the prime factors of v(4)?
2
Let r = -21 + 70. List the prime factors of r.
7
Suppose -3*v - 2*v = -2*d - 6, d - 12 = -5*v. List the prime factors of v.
2
Suppose -b + 112 = -q, -b + 2*q = -0*q - 117. List the prime factors of b.
107
Let k = 39 + -27. List the prime factors of k.
2, 3
Let y = -4 - -4. What are the prime factors of (y - 1)/(2/(-18))?
3
Let c(t) = -t + 21. What are the prime factors of c(9)?
2, 3
Suppose 66 = -4*f + 7*f. List the prime factors of f.
2, 11
Let d(m) = 23*m + 2 - m**2 - 34*m - 2 - 3. What are the prime factors of d(-10)?
7
Let d(w) = w**2 + 4*w - 7. Let b be d(-6). Let r = b - -10. What are the prime factors of r?
3, 5
Suppose 3 = 3*f - 0*f. Let n(a) = 0 - 1 + 3 + 3*a - 1. List the prime factors of n(f).
2
Let q = 16 - 10. What are the prime factors of q?
2, 3
Let a(n) = 2*n + 1. Let c be a(2). Let z = -3 + c. Suppose -4*p + z*p + 16 = 0. List the prime factors of p.
2
Let z(n) = -10*n + 5. Let j be z(6). Let x be j*1/((-5)/2). Suppose x = 4*p - 22. What are the prime factors of p?
11
Suppose 18 = -c + 6. Suppose -7*m = 37 - 2. Let v = m - c. What are the prime factors of v?
7
Suppose -13 - 2 = -3*j, 3*r - 5*j = 326. List the prime factors of r.
3, 13
Let w(u) = -u**3 - u**2 + 5*u + 2. Let h be (1 + 3 + 2)/(-2). List the prime factors of w(h).
5
Suppose -2*r - 40 = -r + 5*n, -2*n - 40 = 2*r. List the prime factors of (r/(-5))/((-2)/(-12)).
2, 3
Suppose 0 = -h - 2*l, 5*h - 28 = -0*h - 3*l. Let t be (-3)/(1 + (-2)/h). List the prime factors of (-4 - -6)/((-2)/t).
2
Let l(m) = m**2 + 5*m + 7. Let y be l(-5). Suppose y = 3*b - 5. Suppose 0*r + b = r. List the prime factors of r.
2
Suppose 3*d + 21 = a - 2*d, 12 = 4*a - 2*d. Let g be (6 + 2 + -3)*a. Let b(r) = -r**2 + 6*r - 1. What are the prime factors of b(g)?
2
What are the prime factors of 16/(-9)*(0 + -12)*3?
2
Let u(c) = -c**2 - 7*c + 7. Let o be u(-9). Let q = 26 + o. Suppose -i - 4*i = -q. List the prime factors of i.
3
Let l be 14/4*(9 - 1). Suppose 0 = 5*z - z - l. List the prime factors of z.
7
Suppose 0 = 2*w - 0 - 16. Suppose -k + w = k. Suppose 13 = -k*j + 57. What are the prime factors of j?
11
Let x = -5 + 57. Let o = x + -34. Let s = -9 + o. List the prime factors of s.
3
Suppose -w = -5*w - 8. Let y(h) = 3*h**2 - 2. What are the prime factors of y(w)?
2, 5
Suppose 0 = 5*h - p - 402, -2*h + 3*p - 22 = -188. List the prime factors of h.
2, 5
Suppose 5*n - 140 = -0*n. Let x = n - 7. What are the prime factors of x?
3, 7
Suppose 2*j - 620 = -5*d - 3*j, -2*d + 4*j + 266 = 0. What are the prime factors of d?
127
Let i = 122 + -214. List the prime factors of 2 - 4/(16/i).
5
What are the prime factors of (-109)/(-6) + (-8)/48?
2, 3
Let w = -216 - -337. What are the prime factors of w?
11
Let m = -28 + 41. List the prime factors of m.
13
Suppose 8 + 15 = i. Let v = -1 + i. List the prime factors of v.
2, 11
Let h = 15 - 11. List the prime factors of h.
2
Let v(r) = -r - 2. Let d be v(-6). Suppose -19 = -h - m, 9*h = d*h + m + 119. List the prime factors of h.
23
Let d(x) = 11*x + 5. List the prime factors of d(11).
2, 3, 7
Suppose 4*i = -4*n + 256, 195 = 5*n - 2*i - 139. What are the prime factors of n?
2, 3, 11
Suppose 0 = -4*d + 3*d + 4. Suppose -2*j + d = -2. List the prime factors of j.
3
Let f be (-6)/(-9) + (-28)/(-3). Suppose 3*n + 15 = -4*c, -2*c + 4*n - 2*n + f = 0. Suppose c = -2*s + 3 + 31. List the prime factors of s.
17
Suppose 2*j = -4, 3*k + 3*j = -2*k - 6. Suppose k = h - 4*d - 20, -32 = -h - 2*h - 2*d. List the prime factors of h.
2, 3
Suppose 4*s + a - 4*a + 6 = 0, -2*s = -5*a + 10. Suppose -2*u = d - 7, -5*u + 0*u + 2*d + 31 = s. What are the prime factors of u?
5
Let m be (3 + -2 + -1)/2. List the prime factors of 1/(1/5 + m).
5
Suppose 2 = 3*k - 1. Let n = k - -8. List the prime factors of n.
3
Let g = 9 + -15. Let h(v) = -v - 2. Let n be h(g). Let w(r) = 2*r. List the prime factors of w(n).
2
Suppose -k = -3*k + 318. Suppose -u + 5*y + 29 = 0, -y = 4*u - k + 43. What are the prime factors of u?
29
Let b(z) = z**2 - 6*z + 6. List the prime factors of b(10).
2, 23
Suppose 266 = 3*m + n, -45 = -m - 5*n + 53. List the prime factors of m.
2, 11
Let h(v) = v**3 - 7*v**2 + 7*v - 3. Let a be h(6). Suppose a*r + 0*r = 111. What are the prime factors of r?
37
Let x be ((-4)/(-3))/((-4)/(-6)). Suppose z - x*z = 0. Let w = 5 - z. What are the prime factors of w?
5
Suppose 2*w = -w + 75. Let s = w + 21. Suppose r - 5 = 0, -2*z - 2*r = z - s. List the prime factors of z.
2, 3
Let f(u) be the first derivative of -u**4/4 - u**3 - u**2/2 + 3*u - 1. Let c be f(-3). Suppose 15 = c*i - 3*i. List the prime factors of i.
5
Let c(q) = -q**3 + 12*q**2 - 11*q + 2. Let m be c(11). Suppose -4*a = -m - 6. List the prime factors of 0 - a - (-12)/2.
2
Suppose 9 + 95 = q. List the prime factors of q.
2, 13
Suppose -5*q + 4 = -4*q. Suppose q*m - m = 156. List the prime factors of m.
2, 13
Let z be (-4 + -1)*2/5. Let d = z + 17. Suppose 21 = 3*t - d. List the prime factors of t.
2, 3
Let g = -3 + 12. What are the prime factors of g?
3
What are the prime factors of (5/(-3))/((-2)/114)?
5, 19
Suppose -u + 114 = 2*u. What are the prime factors of u?
2, 19
Suppose -7*d + 579 + 828 = 0. What are the prime factors of d?
3, 67
Suppose n + 21 = -5*i + 260, 5*i = -4*n + 251. List the prime factors of i.
47
Let a(x) = -x**3 - 9*x**2 - x - 3. Let t be a(-9). List the prime factors of (-2)/3*(-117)/t.
13
Suppose -m - 55 = -2*u + 3, 0 = 3*u - 4*m - 92. List the prime factors of u.
2, 7
Suppose b + 3*b - 4 = -4*h, 0 = -b + h + 3. Suppose z = 21 - b. List the prime factors of z.
19
Suppose 3*a - 58 = -2*c, -c = 3*a - 4*c - 63. Let s = 38 - a. Suppose 0 = -4*n - 4*k + 20, -2*k = -4*n - n + s. List the prime factors of n.
2
Suppose 2 = -u, 0*u - 2*u = 2*a. What are the prime factors of 2/(-2)*(-30)/a?
3, 5
Let q be (-2)/(-6) - (-98)/3. Suppose 2*v + q = 3*v. What are the prime factors of v?
3, 11
Let y be 0/(-2) + (1 - -2). What are the prime factors of (-2 - (y + -1))*-4?
2
Suppose -3*d + 84 = d + 4*v, -d - 2*v = -22. What are the prime factors of d?
2, 5
Let p(s) = 4*s**2 - 61*s + 8. What are the prime factors of p(18)?
2, 103
Let y(h) = 2*h - 9. Let k be y(7). Suppose -2*x + k*c = -55, 2*x = x - c + 10. What are the prime factors of x?
3, 5
Suppose 5*y + 6 = 46. What are the prime factors of y/4 + (-4)/(-1)?
2, 3
Suppose 2*g - 5*h + 0*h = 258, 5*g - 672 = -h. List the prime factors of g.
2, 67
Suppose -3*n = -8 + 2. Suppose -2*c + 92 = n*c. What are the prime factors of c?
23
Let o = 8 + 4. What are the prime factors of o?
2, 3
What are the prime factors of 3 + -3 + -4 + 45?
41
Suppose 6*t = -4*s + 3*t + 12, s + 4*t = 3. Let b(p) = 3*p - 9. Let u(q) = 4*q - 10. Let h(o) = -6*b(o) + 5*u(o). List the prime factors of h(s).
2, 5
Suppose 51 = -6*l + 183. List the prime factors of l.
2, 11
Suppose -4*m = -2 - 2. List the prime factors of m/((-2)/138*-3).
23
Suppose p - 6*p = 0, 4*p - 10 = -2*n. Let i(j) = 1 + j**3 - 4*j**2 + j**3 - 3*j - j**3. What are the prime factors of i(n)?
11
Let b(w) = -w**2 + w + 39. List the prime factors of b(0).
3, 13
Let p = 123 + -92. List the prime factors of p.
31
Suppose 0 = -h + 5*h - 12. Suppose 2*u - h = 3. Suppose -u*o - 3 = 0, -2*j = -4*j - 2*o + 16. List the prime f